the remainder when 367 is divided by k.
31
Let l = -700 - -788. What is the remainder when 454 is divided by l?
14
Suppose -163*r + 16085 + 6216 = -25621. What is the remainder when r is divided by (103 - 8) + 1*-2 + -2?
21
Let s(p) = -p**3 + 8*p**2 + 8*p + 7. Let o be s(9). Let w = -44 - -49. What is the remainder when ((-2)/1)/(o*3/21) is divided by w?
2
Let a be -3 - (6759/63 + 2/(-7)). Let w = a - -198. Let b(n) = -n**2 - 11*n - 11. What is the remainder when w is divided by b(-5)?
12
Suppose -5*s - d = -10437 + 1787, -4*s + 6921 = d. Suppose -14*x = -33*x + s. What is the remainder when x is divided by 28?
7
Calculate the remainder when 234 is divided by (47 - 0) + 4 + -6.
9
Let w = 5190 - 5148. What is the remainder when 157 is divided by w?
31
Suppose 171*f - 5848 = -f. Suppose -3*v = 3*i - 72, v = -0*v + 2*i + 9. What is the remainder when f is divided by v?
15
Suppose 0*m + 17 = m + 5*s, 2*s = -3*m + 12. Let f = 341 - m. What is the remainder when f is divided by 34?
33
What is the remainder when 209 is divided by (-13 + 5)*25/(-4) - (-4 - -8)?
25
Suppose 2*u - 4 = 5*z - z, u = 3*z + 3. Suppose u*a - 18 = -6*a. Let f(d) = d**2 + 3. What is the remainder when a is divided by f(0)?
0
Let x(h) = -66*h - 65. What is the remainder when 60 is divided by x(-1)?
0
Suppose -2*u = 3*q - 62, 14*u = 9*u + q + 138. Calculate the remainder when 69 is divided by u/((-24)/(-10) - 18/45).
13
Let u = 659 - -615. Suppose 7*s + u = 21*s. What is the remainder when s is divided by 24?
19
Suppose 3*o - 330 = -3*k, -2*k = -0*k + o - 224. Let a be (16/(-10))/((-3)/(-15) + 0). What is the remainder when k is divided by 833/35 + a*5/50?
22
Suppose 3*m + 5*w = 267 + 159, -262 = -2*m + 4*w. What is the remainder when m is divided by 67?
3
Let k = -339 - -378. Suppose -9*j = -69 - k. Calculate the remainder when 95 is divided by j.
11
Let l(n) = -7*n - 44. Calculate the remainder when l(-10) is divided by 6 + (-3 - (-16 + 4)).
11
Let t = -8055 + 8969. What is the remainder when t is divided by 27?
23
Let l = -5 + 5. Suppose l = -4*m + 29 + 19. What is the remainder when 34 is divided by m?
10
Let x = -1222 + 866. Let v = x - -387. Calculate the remainder when 106 is divided by v.
13
Suppose -h = -f + 6, 2*h + 14 + 16 = 4*f. Suppose -2*t + 3*w = f, 2*t - w - 2 = -1. Suppose -t*r + 468 = 6*r. What is the remainder when 103 is divided by r?
51
Calculate the remainder when 2649 is divided by -2 + (((-9)/3)/(-30) - 26453/(-70)).
17
Suppose -24*y - 42*y + 88*y - 836 = 0. What is the remainder when 3381 is divided by y?
37
Let m = 600 - 595. What is the remainder when (m + -1)*(-1 + (-191)/(-4)) is divided by 64?
59
Let t(q) = 34*q**2 - 3*q + 2. Suppose 318*o = 13662 - 1420 + 6838. Calculate the remainder when t(3) is divided by o.
59
Let b = -5592 - -5981. Calculate the remainder when b is divided by 105.
74
Let j(g) = g**3 + 4*g**2 + 5*g - 3. Let l be j(-4). Let u = -12 - l. Let v = 400 - 396. What is the remainder when u is divided by v?
3
Let f = 906 + -873. Let d be (-2)/4*(-5 - 1). Suppose -v - d = -131. What is the remainder when v is divided by f?
29
Let h(f) = 2*f**2 + 141*f - 725. What is the remainder when 421 is divided by h(5)?
1
Calculate the remainder when 317 is divided by ((-618)/(-48) + 15/40)*8.
105
Let y(u) = 5*u - 144. Let p be 168/18*3 - -7. Suppose 7 = n - 2. What is the remainder when y(p) is divided by n?
4
Let d(b) = 10*b**2 - 29*b - 154. Calculate the remainder when 314 is divided by d(-3).
15
Suppose 0 = 5*r - 4*z - 8 + 7, 0 = -3*r - 3*z + 6. Let w be ((2 - 6) + 2)/r. What is the remainder when 80/(-24)*(w - 1) is divided by 5?
0
Suppose -2*f - 167 = 3*h, 2*h + 35 = -2*f - 77. Let a = -10 - h. What is the remainder when a is divided by 16?
13
Let y = -73602 - -73615. Suppose 0 = -0*v + v - 88. Calculate the remainder when v is divided by y.
10
Let r = -136 + 139. What is the remainder when 236/r + (-2)/(-6) is divided by 16?
15
Let y(f) be the first derivative of -21 - 3/2*f**2 + 8*f. What is the remainder when 54 is divided by y(-2)?
12
Suppose -6104 = -5*k + 12*k. Let q = k + 878. Calculate the remainder when 57 is divided by q.
3
Let c(p) be the first derivative of -p**3/3 - 11*p**2 - 57*p + 91. Calculate the remainder when 89 is divided by c(-15).
41
Let s = 2009 - 1994. Suppose 0 = 14*y - 13*y - 100. Calculate the remainder when y is divided by s.
10
Suppose 4*q - 35 = 17. Let d(g) = -g**2 + 34*g + 100. Let x be d(33). Let y = 158 - x. Calculate the remainder when y is divided by q.
12
Let h(m) = -m**3 + 21*m**2 + 23. What is the remainder when h(21) is divided by 275/44 + (-3)/(-4)?
2
Let s = 2978 - 2964. What is the remainder when 13929 is divided by s?
13
Let w = -5646 - -5786. What is the remainder when 5738 is divided by w?
138
Let o = 264 - 9. Suppose -o - 525 = -12*j. Calculate the remainder when j is divided by 25.
15
Suppose -369*y = -241*y - 2816. Calculate the remainder when 2631 is divided by y.
13
What is the remainder when ((-2)/(-4))/((-18)/(-1332)) is divided by (256/(-26) + 36/(-234))*-2?
17
Suppose 11*x + 2*x - 325 = 0. Suppose -27*l + x*l = -58. What is the remainder when 170 is divided by l?
25
Suppose 5338 = 44*p - 27*p. Let u = -247 + p. What is the remainder when u is divided by 5?
2
Let t = 1958 + -1677. Calculate the remainder when t is divided by 86.
23
Let h(c) = -c**3 + 15*c**2 - 4*c - 35. Let n = 848 + -834. Calculate the remainder when h(n) is divided by 39.
27
Suppose 5766*v - 5807*v + 709 + 890 = 0. Calculate the remainder when (-663)/(-9) + 1/3 is divided by v.
35
Let i(z) = 3*z**3 + 3*z**2 + 33*z - 106. What is the remainder when 396 is divided by i(3)?
93
Suppose 0 = 5*s - x + 4*x - 56, 0 = 2*s + 3*x - 17. Suppose 153*i - 12063 = 1707. Calculate the remainder when i is divided by s.
12
Let y = -59 + 70. Suppose y*d = 311 - 69. Suppose 0 = 3*u - d - 11. Calculate the remainder when 63 is divided by u.
8
Let q(g) = 263*g + 1328. Calculate the remainder when 2298 is divided by q(-5).
10
Let s = 3 + 29. Let o be (-6)/(((-8)/20)/(s/60)). Suppose 5*m = o*m - 27. Calculate the remainder when 78 is divided by m.
6
Let h be (-36)/9 + 0 + (-1917)/3. Let c = h - -659. Let l = 22 - -6. Calculate the remainder when l is divided by c.
12
Calculate the remainder when 131 is divided by 1 + 51 + (24 - 704/22).
43
Suppose 271*t - 9650 = -220*t + 661. Let k be ((-4)/3)/(4/18). What is the remainder when t is divided by 0/(1 - 0) - k?
3
Suppose 0*v = -3*v - 3*t + 75, 2*t - 72 = -3*v. Suppose 0 = 29*n - 188*n - 271*n + 9030. Calculate the remainder when v is divided by n.
1
Suppose 26*k = 2*q + 1426, 4*q = 2*k - 72 - 30. Suppose 7*g = 2*g + 540. Calculate the remainder when g is divided by k.
53
Let j = 197 + -193. Suppose 2*r = 4*r - 20. Calculate the remainder when r is divided by (-78)/(-21) + j/42*3.
2
Suppose 0 = 4*p + 3*l - 10, -11*l = -3*p - 14*l + 9. What is the remainder when -1 + p + 1 - (37 + -323) is divided by 18?
17
Suppose -18 = -19*v + 18*v - 4*d, -3*v - 3*d = -18. Let g(t) = t**3 - t**2 - 10*t + 19. What is the remainder when 21 is divided by g(v)?
0
Suppose -119*z - 991 + 4323 = 0. What is the remainder when 3527 is divided by z?
27
Suppose -3*o - o - 5*v + 1736 = 0, 16 = -4*v. Let j = -11 + 22. Calculate the remainder when o is divided by j.
10
Let t be (-1)/(6 + (-268)/44). Suppose 54*l = 55*l - t. What is the remainder when 137 is divided by l?
5
Let w(t) = 13*t**3 + 284*t**2 - 10*t - 14. Calculate the remainder when w(-21) is divided by 718.
21
Let x be (1/(-3))/((-48)/(-5472)). Let m(s) = s**2 + 4*s + 8. Calculate the remainder when -7*(x/14)/((-5)/(-10)) is divided by m(-6).
18
Suppose 4*x = -4*l + 140, 5*l - 199 = -4*x + 5*x. What is the remainder when (8/(-6) + -5)/(2/(-24)) is divided by l?
37
Suppose 0 = 3*f - 9, 3*n = f - 0*f + 198. Let w(s) = 11*s + 39. Let y be w(8). Let a = 144 - y. Calculate the remainder when n is divided by a.
16
Suppose 19*c - 22410 = -17*c + 26*c. Calculate the remainder when c is divided by 118.
117
Let z(n) = 104*n + 179. Calculate the remainder when z(3) is divided by 14.
1
Let j(v) = -v**3 - 5*v**2 + 2*v + 1. Let s be j(-3). Let c be 1*91 - (57 - 53). Let t = s + c. Calculate the remainder when t is divided by 11.
9
Suppose 23 = 2*z + 5*k - 20, -4*z = 3*k - 51. 